late the greatest common factor of 168053 and 8349038.
1031
What is the highest common divisor of 3512 and 381112?
8
What is the greatest common divisor of 850 and 1088825?
25
What is the greatest common divisor of 176409 and 27?
9
What is the greatest common factor of 627431595 and 210?
105
What is the highest common factor of 61846736 and 84224?
5264
What is the highest common divisor of 78776 and 28625?
229
Calculate the highest common divisor of 53415 and 13303896.
3561
What is the highest common divisor of 96 and 1936864?
32
Calculate the highest common divisor of 1308 and 10163487.
327
Calculate the greatest common factor of 1617597 and 513.
27
Calculate the highest common factor of 1032 and 2062022.
86
Calculate the greatest common factor of 2274524172 and 174.
174
What is the highest common factor of 18894400 and 3200?
1600
What is the highest common divisor of 14529216 and 39?
39
Calculate the greatest common divisor of 1905 and 16113633.
381
What is the greatest common divisor of 4739 and 1665554723?
4739
What is the greatest common divisor of 3053 and 5204763?
43
What is the greatest common factor of 58386 and 59718?
222
Calculate the greatest common factor of 1092465 and 243.
9
What is the highest common factor of 168 and 557403?
21
Calculate the greatest common factor of 7545726 and 2709.
387
What is the greatest common factor of 48 and 2976109392?
48
Calculate the highest common factor of 1506 and 1770245772.
1506
Calculate the greatest common factor of 3648 and 4878136.
152
Calculate the highest common factor of 4563312 and 1872.
624
Calculate the highest common divisor of 21368 and 17919739.
2671
Calculate the highest common factor of 9244 and 2500.
4
What is the highest common divisor of 15729 and 5172594?
2247
What is the highest common factor of 9699 and 298351?
61
What is the highest common divisor of 275788 and 148?
4
What is the greatest common divisor of 1054 and 58514?
34
Calculate the greatest common factor of 18 and 261452925.
9
What is the greatest common factor of 1515905 and 2329?
137
Calculate the greatest common divisor of 7351208 and 884.
68
Calculate the highest common factor of 175940864 and 352.
352
What is the greatest common divisor of 434 and 583114?
14
Calculate the greatest common factor of 2936815 and 2863.
7
What is the highest common factor of 136 and 66912952?
136
Calculate the highest common divisor of 790414 and 48578.
454
Calculate the highest common factor of 28840735 and 12075.
805
Calculate the highest common divisor of 996 and 10718620.
332
Calculate the highest common divisor of 6105 and 19203360.
165
Calculate the greatest common factor of 88973910 and 72.
18
Calculate the greatest common factor of 14749350 and 975.
75
Calculate the highest common divisor of 21 and 49024059.
21
Calculate the greatest common factor of 75000 and 306375.
375
What is the highest common divisor of 548950 and 675?
25
Calculate the greatest common factor of 2535 and 61345635.
195
Calculate the highest common factor of 184 and 75690884.
92
What is the greatest common divisor of 907790 and 1664?
26
What is the greatest common factor of 43245679 and 1532?
383
Calculate the greatest common divisor of 603 and 1563445134.
603
Calculate the greatest common factor of 98133 and 21861.
21
Calculate the highest common divisor of 535 and 179475.
5
Calculate the highest common divisor of 60 and 1501586475.
15
What is the greatest common factor of 280 and 402151505?
35
Calculate the highest common divisor of 47765203 and 62.
31
What is the greatest common divisor of 498709 and 161?
23
Calculate the highest common factor of 25293693 and 114.
57
What is the highest common factor of 14200 and 751180?
1420
What is the greatest common divisor of 656 and 43648518?
82
What is the greatest common factor of 99036 and 3320850?
786
Calculate the highest common factor of 124200373 and 11.
11
What is the highest common divisor of 18 and 2749948560?
18
What is the highest common divisor of 58036280 and 10?
10
Calculate the highest common divisor of 34 and 6297667.
17
What is the greatest common factor of 83550 and 22472165?
2785
What is the highest common factor of 2626 and 191726482?
202
Calculate the greatest common divisor of 11151200 and 11448.
424
Calculate the greatest common divisor of 17630 and 37720.
410
What is the greatest common factor of 38 and 50138017?
19
What is the highest common factor of 19419372 and 35532?
756
Calculate the greatest common divisor of 3 and 259416.
3
What is the greatest common divisor of 848 and 347679152?
848
Calculate the greatest common divisor of 96275902 and 2872.
718
Calculate the highest common factor of 3 and 15081303.
3
What is the highest common divisor of 1952 and 950696?
8
What is the greatest common factor of 28756 and 2196376?
364
Calculate the greatest common factor of 5214818 and 16184.
238
What is the highest common factor of 193546 and 88537?
2059
What is the highest common factor of 97903 and 22938097?
5759
What is the greatest common factor of 24 and 20197928?
8
What is the greatest common divisor of 26 and 602554251?
13
What is the highest common divisor of 348565086 and 2553?
111
What is the greatest common factor of 176932 and 1425964?
284
What is the highest common factor of 438400128 and 384?
384
Calculate the greatest common divisor of 380 and 162471470.
190
Calculate the greatest common divisor of 372029385 and 182.
91
What is the highest common factor of 6765106 and 11381?
599
What is the greatest common factor of 686 and 5338207?
49
What is the highest common factor of 5136572 and 150062?
718
What is the greatest common divisor of 134335670 and 25460?
670
What is the highest common factor of 154 and 3563924518?
154
Calculate the greatest common divisor of 252 and 17475246.
18
What is the greatest common factor of 842655 and 1045?
55
What is the highest common factor of 330 and 1731078?
6
Calculate the highest common factor of 26907727 and 154.
77
What is the greatest common factor of 2951646 and 114?
6
Calculate the greatest common divisor of 17375604 and 16.
4
What is the highest common factor of 610826951 and 4207?
4207
What is the greatest common divisor of 1171441572 and 5398?
5398
Calculate the highest common factor of 53742 and 257898.
318
What is the highest common divisor of 2230 and 19104856?
446
Calculate the highest common factor of 100 and 3842836.
4
Calculate the greatest common factor of 3783872 and 416.
32
What is the highest common divisor of 1238601 and 2842749?
3549
What is the highest common factor of 2972807 and 9486?
527
Calculate the greatest common factor of 4830 and 327934.
46
What is the greatest common divisor of 1074384 and 7092924?
9948
Calculate the greatest common divisor of 10576 and 94406003.
661
What is the highest common divisor of 2 and 10423228?
2
Calculate the highest common factor of 2900163 and 7521.
327
What is the highest common factor of 5147810 and 11470?
370
Calculate the greatest common factor of 37 and 25356396.
37
What is the highest common divisor of 3073 and 92979322?
439
What is the highest common divisor of 3590146 and 2020?
202
Calculate the greatest common factor of 1481706 and 37881.
621
What is the greatest common divisor of 1605862159 and 8873?
8873
Calculate the greatest common factor of 227 and 129125318.
227
What is the highest common factor of 323106868 and 7420?
1484
Calculate the greatest common factor of 6632148 and 1548.
516
Calculate the greatest common factor of 8277 and 27192704.
2759
What is the highest common divisor of 165086 and 16647708?
838
What is the greatest common divisor of 13547 and 355756?
589
Calculate the greatest common factor of 218173 and 1983031.
107
Calculate the highest common divisor of 593 and 254812693.
593
Calculate the highest common factor of 3428940 and 135.
15
What is the greatest common factor of 1799 and 52931977?
1799
What is the highest common factor of 459 and 25653051?
459
Calculate the highest common factor of 968 and 2808696.
88
What is the highest common divisor of 13931286 and 6?
6
Calculate the greatest common factor of 1652512 and 1312.
32
What is the highest common factor of 160462 and 38?
2
Calculate the greatest common factor of 3124 and 19430246.
22
Calculate the